f 25726974?
9
What is the hundreds digit of 25210513?
5
What is the ten thousands digit of 253220679?
2
What is the hundred millions digit of 3776216172?
7
What is the hundreds digit of 188752979?
9
What is the hundreds digit of 48935868?
8
What is the units digit of 3814347568?
8
What is the units digit of 34569356?
6
What is the hundreds digit of 28412847?
8
What is the ten millions digit of 790098664?
9
What is the ten thousands digit of 12698649?
9
What is the hundreds digit of 733859037?
0
What is the ten thousands digit of 101617071?
1
What is the ten thousands digit of 811302136?
0
What is the hundreds digit of 4550777?
7
What is the ten thousands digit of 42207530?
0
What is the units digit of 282554366?
6
What is the thousands digit of 231623560?
3
What is the tens digit of 3088075177?
7
What is the tens digit of 84797351?
5
What is the tens digit of 1915398907?
0
What is the thousands digit of 35347357?
7
What is the hundreds digit of 15402951?
9
What is the hundred millions digit of 557360641?
5
What is the hundreds digit of 514713231?
2
What is the millions digit of 4227894946?
7
What is the hundred millions digit of 119188574?
1
What is the ten millions digit of 1757198781?
5
What is the hundreds digit of 8375573?
5
What is the hundreds digit of 9788347?
3
What is the hundreds digit of 69887149?
1
What is the millions digit of 1506067454?
6
What is the millions digit of 57380761?
7
What is the millions digit of 3650612355?
0
What is the ten thousands digit of 37625700?
2
What is the millions digit of 539847395?
9
What is the hundreds digit of 2125543914?
9
What is the ten thousands digit of 173131260?
3
What is the units digit of 6124413?
3
What is the tens digit of 88673549?
4
What is the hundreds digit of 40337870?
8
What is the hundred thousands digit of 35769630?
7
What is the hundred millions digit of 119169512?
1
What is the units digit of 13045659?
9
What is the ten millions digit of 1517373056?
1
What is the thousands digit of 4079866936?
6
What is the thousands digit of 5332971911?
1
What is the tens digit of 343533294?
9
What is the millions digit of 1979793856?
9
What is the hundred thousands digit of 548286338?
2
What is the thousands digit of 59556362?
6
What is the hundred millions digit of 986291117?
9
What is the tens digit of 2110796751?
5
What is the ten millions digit of 103258718?
0
What is the units digit of 61698105?
5
What is the units digit of 1003079960?
0
What is the millions digit of 41651380?
1
What is the ten millions digit of 75975911?
7
What is the hundreds digit of 699158990?
9
What is the hundreds digit of 99918593?
5
What is the hundreds digit of 916539495?
4
What is the millions digit of 1090106517?
0
What is the ten millions digit of 2672110140?
7
What is the ten millions digit of 265072827?
6
What is the millions digit of 19747166?
9
What is the hundred thousands digit of 211357101?
3
What is the hundreds digit of 165765814?
8
What is the ten millions digit of 706965465?
0
What is the millions digit of 26084033?
6
What is the thousands digit of 203817387?
7
What is the tens digit of 66442439?
3
What is the units digit of 140811740?
0
What is the ten millions digit of 18160925?
1
What is the hundred thousands digit of 249697264?
6
What is the ten millions digit of 81425237?
8
What is the hundred thousands digit of 172452338?
4
What is the hundred thousands digit of 78187889?
1
What is the thousands digit of 568295058?
5
What is the hundreds digit of 2251388843?
8
What is the thousands digit of 48140265?
0
What is the units digit of 8605294?
4
What is the billions digit of 1334272964?
1
What is the ten millions digit of 159904297?
5
What is the millions digit of 1010448528?
0
What is the billions digit of 1584657972?
1
What is the ten millions digit of 27827465?
2
What is the tens digit of 114934076?
7
What is the millions digit of 664540837?
4
What is the hundred thousands digit of 2684877938?
8
What is the ten millions digit of 51166187?
5
What is the hundred thousands digit of 1347492573?
4
What is the millions digit of 108028110?
8
What is the ten thousands digit of 2065513988?
1
What is the hundred thousands digit of 39228255?
2
What is the hundreds digit of 85296633?
6
What is the ten millions digit of 1212091235?
1
What is the ten millions digit of 12199337?
1
What is the hundred millions digit of 3401064699?
4
What is the hundred thousands digit of 1089485987?
4
What is the ten thousands digit of 31782178?
8
What is the ten millions digit of 210829394?
1
What is the tens digit of 206201816?
1
What is the billions digit of 7083794158?
7
What is the ten millions digit of 181785034?
8
What is the hundreds digit of 2752028162?
1
What is the ten millions digit of 937387685?
3
What is the hundred thousands digit of 996907312?
9
What is the hundred millions digit of 1715468153?
7
What is the ten thousands digit of 8389758?
8
What is the ten millions digit of 356595627?
5
What is the ten millions digit of 314860417?
1
What is the hundred thousands digit of 575007740?
0
What is the tens digit of 475000203?
0
What is the tens digit of 6210726?
2
What is the hundred millions digit of 2978065770?
9
What is the hundreds digit of 728994144?
1
What is the units digit of 14265934?
4
What is the hundreds digit of 695959882?
8
What is the ten thousands digit of 120938038?
3
What is the ten thousands digit of 95093778?
9
What is the hundred thousands digit of 52170107?
1
What is the millions digit of 1379310486?
9
What is the hundred millions digit of 438499936?
4
What is the tens digit of 73728287?
8
What is the hundred thousands digit of 721671400?
6
What is the tens digit of 19864057?
5
What is the millions digit of 2132820963?
2
What is the hundred millions digit of 228484803?
2
What is the tens digit of 130330094?
9
What is the ten millions digit of 115036021?
1
What is the ten thousands digit of 33038362?
3
What is the ten millions digit of 285143442?
8
What is the hundred thousands digit of 373557065?
5
What is the hundreds digit of 112010475?
4
What is the hundred thousands digit of 682688054?
6
What is the thousands digit of 26661320?
1
What is the tens digit of 1017235871?
7
What is the ten millions digit of 33237271?
3
What is the tens digit of 3945140597?
9
What is the ten millions digit of 199360037?
9
What is the millions digit of 540920298?
0
What is the tens digit of 33091175?
7
What is the hundreds digit of 353800663?
6
What is the hundreds digit of 126987492?
4
What is the units digit of 12413883?
3
What is the thousands digit of 28519492?
9
What is the ten millions digit of 1930345059?
3
What is the tens digit of 19952777?
7
What is the thousands digit of 2699016217?
6
What is the tens digit of 1810445085?
8
What is the hundreds digit of 745903870?
8
What is the units digit of 205031675?
5
What is the ten millions digit of 263592471?
6
What is the hundred thousands digit of 59975048?
9
What is the units digit of 3611261614?
4
What is the hundreds digit of 35809344?
3
What is the hundred thousands digit of 1854515342?
5
What is the hundred thousands digit of 321799854?
7
What is the hundred millions digit of 1001861304?
0
What is the millions digit of 371536600?
1
What is the millions digit of 61784922?
1
What is the thousands digit of 60073220?
3
What is the ten millions digit of 124950299?
2
What is the units digit of 417765831?
1
What is the hundred millions digit of 156739058?
1
What is the ten millions digit of 205487215?
0
What is the units digit of 77703011?
1
What is the ten millions digit of 3514351815?
1
What is the millions digit of 100474537?
0
What is the millions digit of 152113715?
2
What is the hundreds digit of 1441996?
9
What is the units digit of 2295142787?
7
What is the thousands digit of 272923474?
3
What is the tens digit of 26306309?
0
What is the hundred thousands digit of 394657496?
6
What is the ten millions digit of 2499570701?
9
What is the hundred thousands digit of 697484015?
4
What is the hundred thousands digit of 7169979?
1
What is the hundred thousands digit of 26855629?
8
What is the hundreds digit of 1458529?
5
What is the ten thousands digit of 103103703?
0
What is the tens digit of 286473528?
2
What is the hundred thousands digit of 4046418073?
4